
Let w = 1119 + -959. Calculate the highest common factor of w and 32.
32
Let n(o) = -7*o**2 - 244*o - 72. Let k be n(-31). What is the greatest common factor of 2601 and k?
153
Let p = 24 + -20. Let v be (-70)/(-22) + p/(-22). Suppose 0 = -7*u + v*u + 92. Calculate the greatest common factor of 92 and u.
23
Let v = -123 - -172. Let u be ((-357)/v - -3)/(4/(-14)). What is the greatest common divisor of 1185 and u?
15
Suppose 3*d + 2*y = 2, 2*d = -2*d - 2*y + 6. Suppose 4*a - 3*f - 256 + 95 = 0, 225 = 5*a + f. Let i = a - d. What is the greatest common factor of 360 and i?
40
Let k be (-68)/(-10)*(-10)/(-6)*(-3234)/(-308). What is the highest common divisor of 154 and k?
7
Let h be 483*16/108 - 36/(-81). Calculate the highest common factor of h and 96.
24
Suppose o - 6 - 20 = -5*b, 0 = 3*o + 5*b - 58. Suppose -4*m + 4 = -5*x, -3*x + 98 = -3*m + 104. Calculate the highest common divisor of x and o.
4
Let v(l) = 2*l**2 + 33*l + 124. Let w be v(-14). Calculate the highest common factor of w and 2538.
54
Let x = -15032 + 29369. What is the greatest common divisor of x and 108?
27
Let v(d) = 2*d + 60. Let m be v(24). Suppose 32 = 7*n - m. Let t = 36 + -6. What is the highest common factor of t and n?
10
Let t be -4 + (-780)/35 - (-4)/14. Let n = 629 - t. Suppose 2*c + g - 282 = -g, -5*g - n = -5*c. Calculate the highest common divisor of 8 and c.
8
Suppose 964322 = 190*v - 2632496 - 5431982. Calculate the highest common factor of v and 396.
396
Let z = 9364 + -9023. Calculate the highest common divisor of z and 899.
31
Let s = 8589 - 8103. Calculate the greatest common divisor of 1539 and s.
81
Let s = 371 + -236. What is the greatest common factor of s and 25?
5
Let a be (1/2)/(21/(-378)). Let b(l) = -l - 9. Let d be b(a). Let y be (d + -45)*-1 - (-4 - -3). Calculate the greatest common divisor of y and 69.
23
Suppose 0 = -4*r - 2*r + 42. Suppose r*o - 25 = 17. Suppose -h = -o*h + 275. What is the highest common divisor of 5 and h?
5
Suppose -h = -4*b - 433, 0 = 104*h - 103*h - 3*b - 429. Calculate the highest common divisor of h and 15.
3
Suppose 0 = -2*w + 7 + 9. Let t(q) = 3*q - 24. Let p be t(7). Let x be ((-27)/p + -5)*4. Calculate the greatest common factor of x and w.
8
Suppose -k - 2*k + 12 = z, 3*k - 12 = 0. Suppose z = -5*n + 1 + 49. Calculate the greatest common factor of 110 and n.
10
Let u = 2889 - 2798. Calculate the highest common divisor of 3913 and u.
91
Let s(h) = -73*h**2 - 3591*h - 113. Let l be s(-46). Calculate the highest common divisor of l and 909.
303
Let y be (-4)/10 - 76796/(-365). Let s = -76 + 107. Suppose -k + s = 10. What is the highest common divisor of k and y?
21
Suppose 12554*o - 952 = 12537*o. Calculate the greatest common factor of 18368 and o.
56
Suppose -5*h + 4 = -2*t + 20, -3*t + 24 = -4*h. Let x(j) = 2*j + 9 - t + 3. Let z be x(5). Calculate the greatest common divisor of 112 and z.
14
Let r(p) = -24*p - 23. Let j be 2*-3 + (-43 - -43). Let b be r(j). Let u = 15 - 4. What is the highest common factor of u and b?
11
Let a be 6/21 + (-176127)/(-1470) - 3/30. Calculate the highest common divisor of a and 860.
20
Let q(u) = -u**3 + 6*u**2 + 2*u - 11. Let n be q(5). Let c be -462*1*n/(-48). Calculate the highest common factor of 33 and c.
33
Let g be (-3 + (-3)/3)/(-1). Let j(v) = v**3 + 10*v - 6. Let n be j(g). Calculate the greatest common divisor of 343 and n.
49
Let r be -165 + 0 + (-5 - 6/(-1)). Let c = -97 - r. Let n = c - 66. Calculate the highest common divisor of 7 and n.
1
Suppose 8 = -22*m + 26*m. Let q(f) = f**2 - 2*f + 2. Let k be q(m). Let x = -294 + 304. Calculate the highest common factor of x and k.
2
Suppose 0 = 11*v + 4*v - 150. Suppose -2*r = -v, -2*z + 0*r + 2*r = -26. What is the greatest common factor of 36 and z?
18
Suppose 3*j - 20 = -197. Let h = -55 - j. Suppose -h*d + 2*s + 326 = 0, 6*s - 319 = -4*d + s. What is the highest common factor of d and 9?
9
Let m be ((-21184)/(-12) - 0)/((-132)/(-198)). Calculate the greatest common divisor of m and 8.
8
Let y(t) = 16*t**2 - 16*t + 24. Let n be y(2). Calculate the greatest common divisor of n and 2954.
14
Let i = 41 - 39. Suppose 5292 = 19*c + i*c. Calculate the greatest common divisor of 28 and c.
28
Let x be 8/7 + (29 - (-1219080)/280). Calculate the greatest common divisor of x and 416.
32
Let c be (-1 - 22/(-8))*4. Suppose 77*f = 18*f - 28*f + 40803. Calculate the highest common factor of c and f.
7
Suppose -24*r - 15*r + 3744 = 0. Suppose 93*j - r = 89*j. Calculate the highest common factor of 104 and j.
8
Suppose -2*f + 2*a + 102 = 0, 3*f - 40*a = -41*a + 141. Let n(q) = -q**3 - 5*q**2 - 9*q - 8. Let v be n(-4). Calculate the highest common factor of v and f.
12
Suppose 125*v = 128*v - 3*y - 3453, -2*v + 4*y = -2310. What is the greatest common factor of v and 31?
31
Let x(k) = k**3 - 4*k**2 + 3*k - 8. Let w be x(4). Suppose o - h - 12 = 0, 0 = 9*o - 7*o - w*h - 18. What is the greatest common factor of 20 and o?
5
Suppose -120 = -2*f - 3*f. Suppose -408*s + 4500 = -33*s. What is the highest common divisor of s and f?
12
Let m be (114/(-8))/((-69)/(-1288)). Let z = m - -276. Suppose 4*n - 50 = 2*o, -30 = -4*n - 2*o - 0*o. What is the greatest common divisor of n and z?
10
Let f(w) = 37*w**2 - 2*w - 1. Let v be f(-1). Let o(q) = 888*q**2 - 32*q - 30. Let j be o(-1). Let h = j - 888. Calculate the greatest common factor of h and v.
2
Let f be -39*7*24/(-168). Suppose 7*j - 39 = 6*j. Calculate the highest common divisor of f and j.
39
Let h = 200 + -110. Let y be (-3 - (14 + 3))/(-2). Let j = y + 8. What is the highest common divisor of h and j?
18
Suppose 5*a + 3671 = -18*d + 22*d, -3*a + 15 = 0. What is the highest common divisor of 22 and d?
22
Let u = 25 - 22. Suppose -u*n = -4*l - 3, n - 1 = -2*l + 6*l. Calculate the greatest common factor of 6 and n.
1
Let v(b) be the first derivative of 2*b**3/3 + 9*b**2/2 - 19. Let f be v(-9). Let k = f + -49. What is the highest common divisor of 64 and k?
32
Suppose -3*b - 3104 = -5*o + 15574, -3*b = -3*o + 11202. What is the greatest common divisor of 42 and o?
42
Let w = 460 + -737. Let r = 287 + w. Calculate the highest common factor of 25 and r.
5
Let h be -3*-15*(-2)/18. Let l be ((-2)/h)/(10/325). Let s = l + -10. What is the highest common factor of s and 3?
3
Suppose -36 = 5*n - 1. Let c = 42 + n. Let z(b) = 2*b - 3. Let x be z(4). Calculate the greatest common divisor of c and x.
5
Let w = -1746 + 1845. Calculate the highest common factor of w and 726.
33
Let x be (12 + (-136)/16)/((-11)/(-418)). Let i be (-11)/2*(0 + -2). Suppose -x = -18*y + i*y. What is the highest common factor of 171 and y?
19
Let i = 166 - 119. Let o(x) = 156*x + 19876. Let f be o(-125). What is the greatest common divisor of f and i?
47
Let g = -1117 + 966. Let b = g + 156. Suppose -2*p - 4*j = -4*p + 126, -j + 271 = 5*p. Calculate the greatest common factor of b and p.
5
Suppose 3*p - 2154 = p + 2*w, 2*w = 0. Suppose 0 = -16*g + p - 21. Calculate the highest common divisor of 231 and g.
33
Suppose -a + 16 = 6*k - 7*k, 100 = 4*a + 2*k. Calculate the greatest common divisor of 2 and a.
2
Suppose -4*r - 262 + 317 = 3*x, -r + x = 2. Calculate the greatest common divisor of r and 4235.
7
Let q = -10 + 49. Suppose i - 3*p - q = 0, 2*i + 52 = 4*p + 134. Let d be -2 + (-3 - 0/3 - -95). Calculate the highest common divisor of d and i.
45
Suppose 87*o - 11012 = 10129. What is the highest common factor of 567 and o?
81
Let m = 114649 + -114643. Let u(x) = -4*x**3 - x - 2. Let l be u(-4). Calculate the highest common factor of m and l.
6
Suppose -4*u + 2*a = -9440, -86*u - 4744 = -88*u - 3*a. What is the greatest common divisor of 695 and u?
139
Suppose -2*j + 552 = 562, 3*n - 40 = 2*j. What is the greatest common divisor of n and 2630?
10
Let l(z) = -1288*z + 11030. Let u be l(6). Calculate the highest common divisor of 13 and u.
13
Suppose -6*s = -4*a - 36138, 5*s - a - 34659 = -4551. What is the greatest common divisor of s and 9?
9
Suppose 5*k = -2*f + 744, -3*k = -4*f - 55 - 381. Calculate the greatest common divisor of 111 and k.
37
Let j = 124 - 127. Let y(m) = 2*m**2 - 5*m - 24. Let s be y(j). What is the highest common divisor of s and 9?
9
Let v = -556 + 836. Suppose 16*m - 14*m + 3*h = 41, 2*h = -5*m + 174